{"id":1346,"date":"2015-10-12T17:03:43","date_gmt":"2015-10-12T15:03:43","guid":{"rendered":"http:\/\/waldkritik.de\/?page_id=1346"},"modified":"2016-03-12T12:32:31","modified_gmt":"2016-03-12T10:32:31","slug":"holzernte-20152016","status":"publish","type":"page","link":"https:\/\/waldkritik.de\/?page_id=1346","title":{"rendered":"Holzernte Vorausschau"},"content":{"rendered":"<p>Die<span style=\"color: #0000ff;\"> <a style=\"color: #0000ff;\" href=\"https:\/\/waldkritik.de\/?page_id=1349\" target=\"_blank\"><strong>Langfristprognose der amerikanischen Wetterbeh\u00f6rde NOAA<\/strong> <\/a><\/span>gibt einen W\u00e4rme\u00fcberschuss im November und Dezember f\u00fcr Mitteleuropa an. Der Waldboden wird nicht gefroren sein. Forst BW hat wie wir Zugang zu den Daten und kann\/k\u00f6nnte sich auf diese Entwicklung einstellen. Meist hat man in den letzten Jahren dem Wetter allein die Schuld an der Bodenmisere gegeben, dabei sind die Daten jedermann zug\u00e4nglich.<\/p>\n<p>Deshalb haben wir f\u00fcr den kommenden Winter f\u00fcr den Umgang mit dem Waldorganismus Sch\u00f6nbuch folgende Vorgehensweise vorgeschlagen:<\/p>\n<p>=&gt; die Erschlie\u00dfung und Befahrung befahrungsempfindlicher Standorte zu vermeiden<\/p>\n<p>=&gt; die Arbeit bei schlechten Witterungsbedingungen einzustellen<\/p>\n<p>=&gt; den Einschlag\u00a0 mit den Folgen f\u00fcr die B\u00f6den zu dokumentieren<\/p>\n<p>=&gt; Hiebsorte und Art des Technikeinsatz im Internet bekannt zu machen<\/p>\n<p>=&gt; den Umfang der seitherigen Bodensch\u00e4den im Zuge der Inventur zu erfassen<\/p>\n<p><span style=\"color: #ffffff;\">:<\/span><\/p>\n<h2><span style=\"color: #008000;\">Holzeinschlag im Sch\u00f6nbuch hat einen Namen!<\/span><\/h2>\n<p>Die Initiativgruppe &#8220;Waldkritik&#8221; weist auf folgende geplante Einschlagfl\u00e4che auf der Gemarkung Weil im Sch\u00f6nbuch hin:<br \/>\n<span style=\"color: #ff0000;\"><strong><em>Drecklochweg \/ Westl.Gunzbergebene \/ Zieglerwiese \/ Eichenweg<\/em><\/strong><\/span><\/p>\n<p>Der genannte Standort ist f\u00fcr eine Befahrung mit (Gro\u00df-) Maschinen <span style=\"color: #ff0000;\"><em><strong>NICHT!<\/strong><\/em><\/span> geeignet, da unverantwortliche Bodensch\u00e4den zu erwarten sind.<\/p>\n<p>F\u00fcr die Durchf\u00fchrung der Einschlagma\u00dfnahmen in der korrekten Reihenfolge der Verantwortlichkeiten:<\/p>\n<p>Minister f\u00fcr den l\u00e4ndlichen Raum, Herr Alexander Bonde<br \/>\nGesch\u00e4ftsf\u00fchrer Forst BW, Herr Max Reger,<br \/>\nAbteilungspr\u00e4sident ForstBW-T\u00fcbingen, Herr Martin Strittmatter,<br \/>\nAmtsleiter Landratsamt B\u00f6blingen, Herr Reinhold Kratzer,<br \/>\nRevierleiter Weil im Sch\u00f6nbuch, Herr Walter Langer<\/p>\n<p><a href=\"https:\/\/waldkritik.de\/wp-content\/uploads\/2015\/10\/Einschlag-2015-2016.jpg\"><img loading=\"lazy\" decoding=\"async\" class=\"aligncenter size-full wp-image-1382\" src=\"https:\/\/waldkritik.de\/wp-content\/uploads\/2015\/10\/Einschlag-2015-2016.jpg\" alt=\"Einschlag 2015-2016\" width=\"1000\" height=\"1152\" srcset=\"https:\/\/waldkritik.de\/wp-content\/uploads\/2015\/10\/Einschlag-2015-2016.jpg 1000w, https:\/\/waldkritik.de\/wp-content\/uploads\/2015\/10\/Einschlag-2015-2016-260x300.jpg 260w, https:\/\/waldkritik.de\/wp-content\/uploads\/2015\/10\/Einschlag-2015-2016-889x1024.jpg 889w\" sizes=\"auto, (max-width: 1000px) 100vw, 1000px\" \/><\/a><\/p>\n<p>&nbsp;<\/p>\n","protected":false},"excerpt":{"rendered":"<p>Die Langfristprognose der amerikanischen Wetterbeh\u00f6rde NOAA gibt einen W\u00e4rme\u00fcberschuss im November und Dezember f\u00fcr Mitteleuropa an. Der Waldboden wird nicht gefroren sein. Forst BW hat wie wir Zugang zu den Daten und kann\/k\u00f6nnte sich auf diese Entwicklung einstellen. Meist hat man in den letzten Jahren dem Wetter allein die Schuld an der Bodenmisere gegeben, dabei &hellip; <a href=\"https:\/\/waldkritik.de\/?page_id=1346\" class=\"more-link\"><span class=\"screen-reader-text\">Holzernte Vorausschau<\/span> weiterlesen <span class=\"meta-nav\">&rarr;<\/span><\/a><\/p>\n","protected":false},"author":1,"featured_media":0,"parent":0,"menu_order":0,"comment_status":"closed","ping_status":"closed","template":"","meta":{"footnotes":""},"class_list":["post-1346","page","type-page","status-publish","hentry"],"_links":{"self":[{"href":"https:\/\/waldkritik.de\/index.php?rest_route=\/wp\/v2\/pages\/1346","targetHints":{"allow":["GET"]}}],"collection":[{"href":"https:\/\/waldkritik.de\/index.php?rest_route=\/wp\/v2\/pages"}],"about":[{"href":"https:\/\/waldkritik.de\/index.php?rest_route=\/wp\/v2\/types\/page"}],"author":[{"embeddable":true,"href":"https:\/\/waldkritik.de\/index.php?rest_route=\/wp\/v2\/users\/1"}],"replies":[{"embeddable":true,"href":"https:\/\/waldkritik.de\/index.php?rest_route=%2Fwp%2Fv2%2Fcomments&post=1346"}],"version-history":[{"count":6,"href":"https:\/\/waldkritik.de\/index.php?rest_route=\/wp\/v2\/pages\/1346\/revisions"}],"predecessor-version":[{"id":1495,"href":"https:\/\/waldkritik.de\/index.php?rest_route=\/wp\/v2\/pages\/1346\/revisions\/1495"}],"wp:attachment":[{"href":"https:\/\/waldkritik.de\/index.php?rest_route=%2Fwp%2Fv2%2Fmedia&parent=1346"}],"curies":[{"name":"wp","href":"https:\/\/api.w.org\/{rel}","templated":true}]}}

<p>Die<span style="color: #0000ff;"> <a style="color: #0000ff;" href="https://waldkritik.de/?page_id=1349" target="_blank"><strong>Langfristprognose der amerikanischen Wetterbehörde NOAA</strong> </a></span>gibt einen Wärmeüberschuss im November und Dezember für Mitteleuropa an. Der Waldboden wird nicht gefroren sein. Forst BW hat wie wir Zugang zu den Daten und kann/könnte sich auf diese Entwicklung einstellen. Meist hat man in den letzten Jahren dem Wetter allein die Schuld an der Bodenmisere gegeben, dabei sind die Daten jedermann zugänglich.</p>
<p>Deshalb haben wir für den kommenden Winter für den Umgang mit dem Waldorganismus Schönbuch folgende Vorgehensweise vorgeschlagen:</p>
<p>=&gt; die Erschließung und Befahrung befahrungsempfindlicher Standorte zu vermeiden</p>
<p>=&gt; die Arbeit bei schlechten Witterungsbedingungen einzustellen</p>
<p>=&gt; den Einschlag  mit den Folgen für die Böden zu dokumentieren</p>
<p>=&gt; Hiebsorte und Art des Technikeinsatz im Internet bekannt zu machen</p>
<p>=&gt; den Umfang der seitherigen Bodenschäden im Zuge der Inventur zu erfassen</p>
<p><span style="color: #ffffff;">:</span></p>
<h2><span style="color: #008000;">Holzeinschlag im Schönbuch hat einen Namen!</span></h2>
<p>Die Initiativgruppe &#8220;Waldkritik&#8221; weist auf folgende geplante Einschlagfläche auf der Gemarkung Weil im Schönbuch hin:<br />
<span style="color: #ff0000;"><strong><em>Drecklochweg / Westl.Gunzbergebene / Zieglerwiese / Eichenweg</em></strong></span></p>
<p>Der genannte Standort ist für eine Befahrung mit (Groß-) Maschinen <span style="color: #ff0000;"><em><strong>NICHT!</strong></em></span> geeignet, da unverantwortliche Bodenschäden zu erwarten sind.</p>
<p>Für die Durchführung der Einschlagmaßnahmen in der korrekten Reihenfolge der Verantwortlichkeiten:</p>
<p>Minister für den ländlichen Raum, Herr Alexander Bonde<br />
Geschäftsführer Forst BW, Herr Max Reger,<br />
Abteilungspräsident ForstBW-Tübingen, Herr Martin Strittmatter,<br />
Amtsleiter Landratsamt Böblingen, Herr Reinhold Kratzer,<br />
Revierleiter Weil im Schönbuch, Herr Walter Langer</p>
<p><a href="https://waldkritik.de/wp-content/uploads/2015/10/Einschlag-2015-2016.jpg"><img loading="lazy" decoding="async" class="aligncenter size-full wp-image-1382" src="https://waldkritik.de/wp-content/uploads/2015/10/Einschlag-2015-2016.jpg" alt="Einschlag 2015-2016" width="1000" height="1152" srcset="https://waldkritik.de/wp-content/uploads/2015/10/Einschlag-2015-2016.jpg 1000w, https://waldkritik.de/wp-content/uploads/2015/10/Einschlag-2015-2016-260x300.jpg 260w, https://waldkritik.de/wp-content/uploads/2015/10/Einschlag-2015-2016-889x1024.jpg 889w" sizes="auto, (max-width: 1000px) 100vw, 1000px" /></a></p>
<p>&nbsp;</p>

<p>Die Langfristprognose der amerikanischen Wetterbehörde NOAA gibt einen Wärmeüberschuss im November und Dezember für Mitteleuropa an. Der Waldboden wird nicht gefroren sein. Forst BW hat wie wir Zugang zu den Daten und kann/könnte sich auf diese Entwicklung einstellen. Meist hat man in den letzten Jahren dem Wetter allein die Schuld an der Bodenmisere gegeben, dabei &hellip; <a href="https://waldkritik.de/?page_id=1346" class="more-link"><span class="screen-reader-text">Holzernte Vorausschau</span> weiterlesen <span class="meta-nav">&rarr;</span></a></p>
