{"id":1445,"date":"2016-03-10T20:28:42","date_gmt":"2016-03-10T18:28:42","guid":{"rendered":"http:\/\/waldkritik.de\/?page_id=1445"},"modified":"2016-03-10T20:28:42","modified_gmt":"2016-03-10T18:28:42","slug":"1445-2","status":"publish","type":"page","link":"https:\/\/waldkritik.de\/?page_id=1445","title":{"rendered":""},"content":{"rendered":"<p><span style=\"font-size: medium;\">Liebe Bodenfreunde,<\/span><\/p>\n<p>ich hatte einmal im Jahre 1966 die Uni Freiburg ausgew\u00e4hlt zum Studieren, weil sie damals mit guten LehrerInnen besetzt war.<br \/>\nDie Zeiten haben sich offenbar ge\u00e4ndert&#8230;.<\/p>\n<p>Der f\u00fcr die KWF-Tagung animierende Text zu den Biodiversit\u00e4ts- und \u00c4sthetik-f\u00f6rdernden tiefen Furchen auf den R\u00fcckegassen wurde nicht von einem Boden\u00f6kologen, sondern von einem Boden<span style=\"font-size: medium;\"><b>physiker<\/b><\/span><span style=\"font-size: medium;\"> verfasst, der gleichzeitig <\/span><span style=\"font-size: medium;\"><b>Strahlenschutzbeauftrager<\/b><\/span><span style=\"font-size: medium;\"> an der Uni Freiburg ist (siehe Visitenkarte unten). Wen wundert da diese mechanistische Sichtweise. Es lebe die Spezialisierung! Aber die StudentInnen sind diesem Unsinn ausgesetzt.<br \/>\nKalle Weber&#8217;s Entgegnung ist richtig und notwendig.<\/span><\/p>\n<p>Gru\u00df<br \/>\nLutz F\u00e4hser<\/p>\n","protected":false},"excerpt":{"rendered":"<p>Liebe Bodenfreunde, ich hatte einmal im Jahre 1966 die Uni Freiburg ausgew\u00e4hlt zum Studieren, weil sie damals mit guten LehrerInnen besetzt war. Die Zeiten haben sich offenbar ge\u00e4ndert&#8230;. Der f\u00fcr die KWF-Tagung animierende Text zu den Biodiversit\u00e4ts- und \u00c4sthetik-f\u00f6rdernden tiefen Furchen auf den R\u00fcckegassen wurde nicht von einem Boden\u00f6kologen, sondern von einem Bodenphysiker verfasst, der &hellip; <a href=\"https:\/\/waldkritik.de\/?page_id=1445\" class=\"more-link\"><span class=\"screen-reader-text\"><\/span> weiterlesen <span class=\"meta-nav\">&rarr;<\/span><\/a><\/p>\n","protected":false},"author":1,"featured_media":0,"parent":0,"menu_order":0,"comment_status":"closed","ping_status":"closed","template":"","meta":{"footnotes":""},"class_list":["post-1445","page","type-page","status-publish","hentry"],"_links":{"self":[{"href":"https:\/\/waldkritik.de\/index.php?rest_route=\/wp\/v2\/pages\/1445","targetHints":{"allow":["GET"]}}],"collection":[{"href":"https:\/\/waldkritik.de\/index.php?rest_route=\/wp\/v2\/pages"}],"about":[{"href":"https:\/\/waldkritik.de\/index.php?rest_route=\/wp\/v2\/types\/page"}],"author":[{"embeddable":true,"href":"https:\/\/waldkritik.de\/index.php?rest_route=\/wp\/v2\/users\/1"}],"replies":[{"embeddable":true,"href":"https:\/\/waldkritik.de\/index.php?rest_route=%2Fwp%2Fv2%2Fcomments&post=1445"}],"version-history":[{"count":1,"href":"https:\/\/waldkritik.de\/index.php?rest_route=\/wp\/v2\/pages\/1445\/revisions"}],"predecessor-version":[{"id":1446,"href":"https:\/\/waldkritik.de\/index.php?rest_route=\/wp\/v2\/pages\/1445\/revisions\/1446"}],"wp:attachment":[{"href":"https:\/\/waldkritik.de\/index.php?rest_route=%2Fwp%2Fv2%2Fmedia&parent=1445"}],"curies":[{"name":"wp","href":"https:\/\/api.w.org\/{rel}","templated":true}]}}

<p><span style="font-size: medium;">Liebe Bodenfreunde,</span></p>
<p>ich hatte einmal im Jahre 1966 die Uni Freiburg ausgewählt zum Studieren, weil sie damals mit guten LehrerInnen besetzt war.<br />
Die Zeiten haben sich offenbar geändert&#8230;.</p>
<p>Der für die KWF-Tagung animierende Text zu den Biodiversitäts- und Ästhetik-fördernden tiefen Furchen auf den Rückegassen wurde nicht von einem Bodenökologen, sondern von einem Boden<span style="font-size: medium;"><b>physiker</b></span><span style="font-size: medium;"> verfasst, der gleichzeitig </span><span style="font-size: medium;"><b>Strahlenschutzbeauftrager</b></span><span style="font-size: medium;"> an der Uni Freiburg ist (siehe Visitenkarte unten). Wen wundert da diese mechanistische Sichtweise. Es lebe die Spezialisierung! Aber die StudentInnen sind diesem Unsinn ausgesetzt.<br />
Kalle Weber&#8217;s Entgegnung ist richtig und notwendig.</span></p>
<p>Gruß<br />
Lutz Fähser</p>

<p>Liebe Bodenfreunde, ich hatte einmal im Jahre 1966 die Uni Freiburg ausgewählt zum Studieren, weil sie damals mit guten LehrerInnen besetzt war. Die Zeiten haben sich offenbar geändert&#8230;. Der für die KWF-Tagung animierende Text zu den Biodiversitäts- und Ästhetik-fördernden tiefen Furchen auf den Rückegassen wurde nicht von einem Bodenökologen, sondern von einem Bodenphysiker verfasst, der &hellip; <a href="https://waldkritik.de/?page_id=1445" class="more-link"><span class="screen-reader-text"></span> weiterlesen <span class="meta-nav">&rarr;</span></a></p>
