{"id":1559,"date":"2016-04-23T12:42:18","date_gmt":"2016-04-23T10:42:18","guid":{"rendered":"http:\/\/waldkritik.de\/?page_id=1559"},"modified":"2016-04-23T12:42:18","modified_gmt":"2016-04-23T10:42:18","slug":"1559-2","status":"publish","type":"page","link":"https:\/\/waldkritik.de\/?page_id=1559","title":{"rendered":""},"content":{"rendered":"<p><span style=\"color: #ff0000;\"><strong>Unsere Umweltmeldung an das BW Ministerium f\u00fcr Umwelt, Klima und Energiewirtschaft vom 13.04.2016 | 17.01 Uhr<\/strong><\/span><\/p>\n<p>Sehr geehrte Damen und Herren,<\/p>\n<p>ForstBW charakterisiert Waldbiotope als &#8220;\u00d6kologische Kleinode des Waldes&#8221; und behauptet : &#8220;Der nachhaltige Schutz und die Pflege dieser sensiblen Waldbereiche sind \u00fcber die ordnungsgem\u00e4\u00dfe forstliche Bewirtschaftung gew\u00e4hrleistet&#8221;. Diese Aussagen sind zwar im Prinzip richtig, ForstBW handelt aber nicht (mehr) nachhaltig, nicht einmal der Schutzstatus von \u00a7 30 BNatSchG. bewahrt ein Waldbiotop vor Befahrung und Zerst\u00f6rung. Beispiel : Waldbiotop Nr.7429 6019-96 im Staatswald bei Ammerbuch- Entringen im Sch\u00f6nbuch.<\/p>\n<p>Mit freundlichen Gr\u00fc\u00dfen<br \/>\nINITIATIVE WALDKRITIK<\/p>\n","protected":false},"excerpt":{"rendered":"<p>Unsere Umweltmeldung an das BW Ministerium f\u00fcr Umwelt, Klima und Energiewirtschaft vom 13.04.2016 | 17.01 Uhr Sehr geehrte Damen und Herren, ForstBW charakterisiert Waldbiotope als &#8220;\u00d6kologische Kleinode des Waldes&#8221; und behauptet : &#8220;Der nachhaltige Schutz und die Pflege dieser sensiblen Waldbereiche sind \u00fcber die ordnungsgem\u00e4\u00dfe forstliche Bewirtschaftung gew\u00e4hrleistet&#8221;. Diese Aussagen sind zwar im Prinzip richtig, &hellip; <a href=\"https:\/\/waldkritik.de\/?page_id=1559\" class=\"more-link\"><span class=\"screen-reader-text\"><\/span> weiterlesen <span class=\"meta-nav\">&rarr;<\/span><\/a><\/p>\n","protected":false},"author":1,"featured_media":0,"parent":0,"menu_order":0,"comment_status":"closed","ping_status":"closed","template":"","meta":{"footnotes":""},"class_list":["post-1559","page","type-page","status-publish","hentry"],"_links":{"self":[{"href":"https:\/\/waldkritik.de\/index.php?rest_route=\/wp\/v2\/pages\/1559","targetHints":{"allow":["GET"]}}],"collection":[{"href":"https:\/\/waldkritik.de\/index.php?rest_route=\/wp\/v2\/pages"}],"about":[{"href":"https:\/\/waldkritik.de\/index.php?rest_route=\/wp\/v2\/types\/page"}],"author":[{"embeddable":true,"href":"https:\/\/waldkritik.de\/index.php?rest_route=\/wp\/v2\/users\/1"}],"replies":[{"embeddable":true,"href":"https:\/\/waldkritik.de\/index.php?rest_route=%2Fwp%2Fv2%2Fcomments&post=1559"}],"version-history":[{"count":1,"href":"https:\/\/waldkritik.de\/index.php?rest_route=\/wp\/v2\/pages\/1559\/revisions"}],"predecessor-version":[{"id":1560,"href":"https:\/\/waldkritik.de\/index.php?rest_route=\/wp\/v2\/pages\/1559\/revisions\/1560"}],"wp:attachment":[{"href":"https:\/\/waldkritik.de\/index.php?rest_route=%2Fwp%2Fv2%2Fmedia&parent=1559"}],"curies":[{"name":"wp","href":"https:\/\/api.w.org\/{rel}","templated":true}]}}

<p><span style="color: #ff0000;"><strong>Unsere Umweltmeldung an das BW Ministerium für Umwelt, Klima und Energiewirtschaft vom 13.04.2016 | 17.01 Uhr</strong></span></p>
<p>Sehr geehrte Damen und Herren,</p>
<p>ForstBW charakterisiert Waldbiotope als &#8220;Ökologische Kleinode des Waldes&#8221; und behauptet : &#8220;Der nachhaltige Schutz und die Pflege dieser sensiblen Waldbereiche sind über die ordnungsgemäße forstliche Bewirtschaftung gewährleistet&#8221;. Diese Aussagen sind zwar im Prinzip richtig, ForstBW handelt aber nicht (mehr) nachhaltig, nicht einmal der Schutzstatus von § 30 BNatSchG. bewahrt ein Waldbiotop vor Befahrung und Zerstörung. Beispiel : Waldbiotop Nr.7429 6019-96 im Staatswald bei Ammerbuch- Entringen im Schönbuch.</p>
<p>Mit freundlichen Grüßen<br />
INITIATIVE WALDKRITIK</p>

<p>Unsere Umweltmeldung an das BW Ministerium für Umwelt, Klima und Energiewirtschaft vom 13.04.2016 | 17.01 Uhr Sehr geehrte Damen und Herren, ForstBW charakterisiert Waldbiotope als &#8220;Ökologische Kleinode des Waldes&#8221; und behauptet : &#8220;Der nachhaltige Schutz und die Pflege dieser sensiblen Waldbereiche sind über die ordnungsgemäße forstliche Bewirtschaftung gewährleistet&#8221;. Diese Aussagen sind zwar im Prinzip richtig, &hellip; <a href="https://waldkritik.de/?page_id=1559" class="more-link"><span class="screen-reader-text"></span> weiterlesen <span class="meta-nav">&rarr;</span></a></p>
