{"id":1633,"date":"2016-05-28T17:00:46","date_gmt":"2016-05-28T15:00:46","guid":{"rendered":"http:\/\/waldkritik.de\/?page_id=1633"},"modified":"2016-05-28T17:05:31","modified_gmt":"2016-05-28T15:05:31","slug":"aerger-ueber-demolierte-wege-im-seewald","status":"publish","type":"page","link":"https:\/\/waldkritik.de\/?page_id=1633","title":{"rendered":"\u00c4rger \u00fcber demolierte Wege im Seewald"},"content":{"rendered":"<p>Ein Artikel im S\u00fcdkurier und ein Leserbrief von unserem<br \/>\nInitiativ-Mitglied Richard Koch.<br \/>\n<span style=\"color: #ffffff;\">.<\/span><\/p>\n<p><div id=\"metaslider-id-1636\" style=\"max-width: 500px;\" class=\"ml-slider-3-108-0 ml-slider-pro-2-7-1 metaslider metaslider-nivo metaslider-1636 ml-slider ms-theme-default\" role=\"region\" aria-label=\"Seewald\" data-width=\"500\">\n    <div id=\"metaslider_container_1636\">\n        <div class='slider-wrapper theme-default'><div class='ribbon'><\/div><div id='metaslider_1636' class='nivoSlider'><img loading=\"lazy\" decoding=\"async\" width=\"1000\" height=\"562\" src=\"https:\/\/waldkritik.de\/wp-content\/uploads\/2016\/05\/P1390795.jpg\" class=\"slider-1636 slide-1639 msDefaultImage\" alt=\"\" data-caption=\"\" data-thumb=\"\" title=\"\" rel=\"\" srcset=\"https:\/\/waldkritik.de\/wp-content\/uploads\/2016\/05\/P1390795.jpg 1000w, https:\/\/waldkritik.de\/wp-content\/uploads\/2016\/05\/P1390795-300x169.jpg 300w, https:\/\/waldkritik.de\/wp-content\/uploads\/2016\/05\/P1390795-768x432.jpg 768w, https:\/\/waldkritik.de\/wp-content\/uploads\/2016\/05\/P1390795-500x281.jpg 500w\" sizes=\"auto, (max-width: 1000px) 100vw, 1000px\" \/><img loading=\"lazy\" decoding=\"async\" width=\"960\" height=\"540\" src=\"https:\/\/waldkritik.de\/wp-content\/uploads\/2016\/05\/P1390771.jpg\" class=\"slider-1636 slide-1637 msDefaultImage\" alt=\"\" data-caption=\"\" data-thumb=\"\" title=\"\" rel=\"\" srcset=\"https:\/\/waldkritik.de\/wp-content\/uploads\/2016\/05\/P1390771.jpg 960w, https:\/\/waldkritik.de\/wp-content\/uploads\/2016\/05\/P1390771-300x169.jpg 300w, https:\/\/waldkritik.de\/wp-content\/uploads\/2016\/05\/P1390771-768x432.jpg 768w, https:\/\/waldkritik.de\/wp-content\/uploads\/2016\/05\/P1390771-500x281.jpg 500w\" sizes=\"auto, (max-width: 960px) 100vw, 960px\" \/><img loading=\"lazy\" decoding=\"async\" width=\"940\" height=\"528\" src=\"https:\/\/waldkritik.de\/wp-content\/uploads\/2016\/05\/P1390782.jpg\" class=\"slider-1636 slide-1638 msDefaultImage\" alt=\"\" data-caption=\"\" data-thumb=\"\" title=\"\" rel=\"\" srcset=\"https:\/\/waldkritik.de\/wp-content\/uploads\/2016\/05\/P1390782.jpg 940w, https:\/\/waldkritik.de\/wp-content\/uploads\/2016\/05\/P1390782-300x169.jpg 300w, https:\/\/waldkritik.de\/wp-content\/uploads\/2016\/05\/P1390782-768x431.jpg 768w, https:\/\/waldkritik.de\/wp-content\/uploads\/2016\/05\/P1390782-500x280.jpg 500w\" sizes=\"auto, (max-width: 940px) 100vw, 940px\" \/><img loading=\"lazy\" decoding=\"async\" width=\"980\" height=\"551\" src=\"https:\/\/waldkritik.de\/wp-content\/uploads\/2016\/05\/P1390796.jpg\" class=\"slider-1636 slide-1640 msDefaultImage\" alt=\"\" data-caption=\"\" data-thumb=\"\" title=\"\" rel=\"\" srcset=\"https:\/\/waldkritik.de\/wp-content\/uploads\/2016\/05\/P1390796.jpg 980w, https:\/\/waldkritik.de\/wp-content\/uploads\/2016\/05\/P1390796-300x169.jpg 300w, https:\/\/waldkritik.de\/wp-content\/uploads\/2016\/05\/P1390796-768x432.jpg 768w, https:\/\/waldkritik.de\/wp-content\/uploads\/2016\/05\/P1390796-500x281.jpg 500w\" sizes=\"auto, (max-width: 980px) 100vw, 980px\" \/><img loading=\"lazy\" decoding=\"async\" width=\"1000\" height=\"562\" src=\"https:\/\/waldkritik.de\/wp-content\/uploads\/2016\/05\/P1390798.jpg\" class=\"slider-1636 slide-1641 msDefaultImage\" alt=\"\" data-caption=\"\" data-thumb=\"\" title=\"\" rel=\"\" srcset=\"https:\/\/waldkritik.de\/wp-content\/uploads\/2016\/05\/P1390798.jpg 1000w, https:\/\/waldkritik.de\/wp-content\/uploads\/2016\/05\/P1390798-300x169.jpg 300w, https:\/\/waldkritik.de\/wp-content\/uploads\/2016\/05\/P1390798-768x432.jpg 768w, https:\/\/waldkritik.de\/wp-content\/uploads\/2016\/05\/P1390798-500x281.jpg 500w\" sizes=\"auto, (max-width: 1000px) 100vw, 1000px\" \/><img loading=\"lazy\" decoding=\"async\" width=\"1000\" height=\"562\" src=\"https:\/\/waldkritik.de\/wp-content\/uploads\/2016\/05\/P1390803.jpg\" class=\"slider-1636 slide-1642 msDefaultImage\" alt=\"\" data-caption=\"\" data-thumb=\"\" title=\"\" rel=\"\" srcset=\"https:\/\/waldkritik.de\/wp-content\/uploads\/2016\/05\/P1390803.jpg 1000w, https:\/\/waldkritik.de\/wp-content\/uploads\/2016\/05\/P1390803-300x169.jpg 300w, https:\/\/waldkritik.de\/wp-content\/uploads\/2016\/05\/P1390803-768x432.jpg 768w, https:\/\/waldkritik.de\/wp-content\/uploads\/2016\/05\/P1390803-500x281.jpg 500w\" sizes=\"auto, (max-width: 1000px) 100vw, 1000px\" \/><\/div><\/div>\n        \n    <\/div>\n<\/div><br \/>\n<span style=\"color: #ffffff;\">.<\/span><\/p>\n<p><strong><a href=\"http:\/\/www.suedkurier.de\/region\/bodenseekreis-oberschwaben\/friedrichshafen\/AErger-ueber-demolierte-Wege-im-Seewald;art372474,8721601\" target=\"_blank\">Weiter zum Artikel &gt;&gt;&gt;<\/a><\/strong><\/p>\n<p><span style=\"color: #ffffff;\">.<\/span><\/p>\n<p><a href=\"https:\/\/waldkritik.de\/wp-content\/uploads\/2016\/05\/LB.jpg\" rel=\"attachment wp-att-1634\"><img loading=\"lazy\" decoding=\"async\" class=\"alignleft size-full wp-image-1634\" src=\"https:\/\/waldkritik.de\/wp-content\/uploads\/2016\/05\/LB.jpg\" alt=\"LB\" width=\"500\" height=\"1016\" srcset=\"https:\/\/waldkritik.de\/wp-content\/uploads\/2016\/05\/LB.jpg 500w, https:\/\/waldkritik.de\/wp-content\/uploads\/2016\/05\/LB-148x300.jpg 148w\" sizes=\"auto, (max-width: 500px) 100vw, 500px\" \/><\/a><\/p>\n","protected":false},"excerpt":{"rendered":"<p>Ein Artikel im S\u00fcdkurier und ein Leserbrief von unserem Initiativ-Mitglied Richard Koch. . . Weiter zum Artikel &gt;&gt;&gt; .<\/p>\n","protected":false},"author":1,"featured_media":0,"parent":0,"menu_order":0,"comment_status":"closed","ping_status":"closed","template":"","meta":{"footnotes":""},"class_list":["post-1633","page","type-page","status-publish","hentry"],"_links":{"self":[{"href":"https:\/\/waldkritik.de\/index.php?rest_route=\/wp\/v2\/pages\/1633","targetHints":{"allow":["GET"]}}],"collection":[{"href":"https:\/\/waldkritik.de\/index.php?rest_route=\/wp\/v2\/pages"}],"about":[{"href":"https:\/\/waldkritik.de\/index.php?rest_route=\/wp\/v2\/types\/page"}],"author":[{"embeddable":true,"href":"https:\/\/waldkritik.de\/index.php?rest_route=\/wp\/v2\/users\/1"}],"replies":[{"embeddable":true,"href":"https:\/\/waldkritik.de\/index.php?rest_route=%2Fwp%2Fv2%2Fcomments&post=1633"}],"version-history":[{"count":3,"href":"https:\/\/waldkritik.de\/index.php?rest_route=\/wp\/v2\/pages\/1633\/revisions"}],"predecessor-version":[{"id":1645,"href":"https:\/\/waldkritik.de\/index.php?rest_route=\/wp\/v2\/pages\/1633\/revisions\/1645"}],"wp:attachment":[{"href":"https:\/\/waldkritik.de\/index.php?rest_route=%2Fwp%2Fv2%2Fmedia&parent=1633"}],"curies":[{"name":"wp","href":"https:\/\/api.w.org\/{rel}","templated":true}]}}

Ärger über demolierte Wege im Seewald

<p>Ein Artikel im Südkurier und ein Leserbrief von unserem<br />
Initiativ-Mitglied Richard Koch.<br />
<span style="color: #ffffff;">.</span></p>
<p><div id="metaslider-id-1636" style="max-width: 500px;" class="ml-slider-3-108-0 ml-slider-pro-2-7-1 metaslider metaslider-nivo metaslider-1636 ml-slider ms-theme-default" role="region" aria-label="Seewald" data-width="500">
    <div id="metaslider_container_1636">
        <div class='slider-wrapper theme-default'><div class='ribbon'></div><div id='metaslider_1636' class='nivoSlider'><img loading="lazy" decoding="async" width="1000" height="562" src="https://waldkritik.de/wp-content/uploads/2016/05/P1390795.jpg" class="slider-1636 slide-1639 msDefaultImage" alt="" data-caption="" data-thumb="" title="" rel="" srcset="https://waldkritik.de/wp-content/uploads/2016/05/P1390795.jpg 1000w, https://waldkritik.de/wp-content/uploads/2016/05/P1390795-300x169.jpg 300w, https://waldkritik.de/wp-content/uploads/2016/05/P1390795-768x432.jpg 768w, https://waldkritik.de/wp-content/uploads/2016/05/P1390795-500x281.jpg 500w" sizes="auto, (max-width: 1000px) 100vw, 1000px" /><img loading="lazy" decoding="async" width="960" height="540" src="https://waldkritik.de/wp-content/uploads/2016/05/P1390771.jpg" class="slider-1636 slide-1637 msDefaultImage" alt="" data-caption="" data-thumb="" title="" rel="" srcset="https://waldkritik.de/wp-content/uploads/2016/05/P1390771.jpg 960w, https://waldkritik.de/wp-content/uploads/2016/05/P1390771-300x169.jpg 300w, https://waldkritik.de/wp-content/uploads/2016/05/P1390771-768x432.jpg 768w, https://waldkritik.de/wp-content/uploads/2016/05/P1390771-500x281.jpg 500w" sizes="auto, (max-width: 960px) 100vw, 960px" /><img loading="lazy" decoding="async" width="940" height="528" src="https://waldkritik.de/wp-content/uploads/2016/05/P1390782.jpg" class="slider-1636 slide-1638 msDefaultImage" alt="" data-caption="" data-thumb="" title="" rel="" srcset="https://waldkritik.de/wp-content/uploads/2016/05/P1390782.jpg 940w, https://waldkritik.de/wp-content/uploads/2016/05/P1390782-300x169.jpg 300w, https://waldkritik.de/wp-content/uploads/2016/05/P1390782-768x431.jpg 768w, https://waldkritik.de/wp-content/uploads/2016/05/P1390782-500x280.jpg 500w" sizes="auto, (max-width: 940px) 100vw, 940px" /><img loading="lazy" decoding="async" width="980" height="551" src="https://waldkritik.de/wp-content/uploads/2016/05/P1390796.jpg" class="slider-1636 slide-1640 msDefaultImage" alt="" data-caption="" data-thumb="" title="" rel="" srcset="https://waldkritik.de/wp-content/uploads/2016/05/P1390796.jpg 980w, https://waldkritik.de/wp-content/uploads/2016/05/P1390796-300x169.jpg 300w, https://waldkritik.de/wp-content/uploads/2016/05/P1390796-768x432.jpg 768w, https://waldkritik.de/wp-content/uploads/2016/05/P1390796-500x281.jpg 500w" sizes="auto, (max-width: 980px) 100vw, 980px" /><img loading="lazy" decoding="async" width="1000" height="562" src="https://waldkritik.de/wp-content/uploads/2016/05/P1390798.jpg" class="slider-1636 slide-1641 msDefaultImage" alt="" data-caption="" data-thumb="" title="" rel="" srcset="https://waldkritik.de/wp-content/uploads/2016/05/P1390798.jpg 1000w, https://waldkritik.de/wp-content/uploads/2016/05/P1390798-300x169.jpg 300w, https://waldkritik.de/wp-content/uploads/2016/05/P1390798-768x432.jpg 768w, https://waldkritik.de/wp-content/uploads/2016/05/P1390798-500x281.jpg 500w" sizes="auto, (max-width: 1000px) 100vw, 1000px" /><img loading="lazy" decoding="async" width="1000" height="562" src="https://waldkritik.de/wp-content/uploads/2016/05/P1390803.jpg" class="slider-1636 slide-1642 msDefaultImage" alt="" data-caption="" data-thumb="" title="" rel="" srcset="https://waldkritik.de/wp-content/uploads/2016/05/P1390803.jpg 1000w, https://waldkritik.de/wp-content/uploads/2016/05/P1390803-300x169.jpg 300w, https://waldkritik.de/wp-content/uploads/2016/05/P1390803-768x432.jpg 768w, https://waldkritik.de/wp-content/uploads/2016/05/P1390803-500x281.jpg 500w" sizes="auto, (max-width: 1000px) 100vw, 1000px" /></div></div>
        
    </div>
</div><br />
<span style="color: #ffffff;">.</span></p>
<p><strong><a href="http://www.suedkurier.de/region/bodenseekreis-oberschwaben/friedrichshafen/AErger-ueber-demolierte-Wege-im-Seewald;art372474,8721601" target="_blank">Weiter zum Artikel &gt;&gt;&gt;</a></strong></p>
<p><span style="color: #ffffff;">.</span></p>
<p><a href="https://waldkritik.de/wp-content/uploads/2016/05/LB.jpg" rel="attachment wp-att-1634"><img loading="lazy" decoding="async" class="alignleft size-full wp-image-1634" src="https://waldkritik.de/wp-content/uploads/2016/05/LB.jpg" alt="LB" width="500" height="1016" srcset="https://waldkritik.de/wp-content/uploads/2016/05/LB.jpg 500w, https://waldkritik.de/wp-content/uploads/2016/05/LB-148x300.jpg 148w" sizes="auto, (max-width: 500px) 100vw, 500px" /></a></p>

<p>Ein Artikel im Südkurier und ein Leserbrief von unserem Initiativ-Mitglied Richard Koch. . . Weiter zum Artikel &gt;&gt;&gt; .</p>
