{"id":8,"date":"2014-07-11T22:40:07","date_gmt":"2014-07-11T20:40:07","guid":{"rendered":"http:\/\/waldkritik.de\/?page_id=8"},"modified":"2024-05-04T16:24:08","modified_gmt":"2024-05-04T14:24:08","slug":"kleines-regelwerk-zielsetzung","status":"publish","type":"page","link":"https:\/\/waldkritik.de\/?page_id=8","title":{"rendered":"Unsere Zielsetzung und ein kleines Regelwerk"},"content":{"rendered":"<p style=\"text-align: justify;\">Die Seite <em><strong>WaldKritik.de<\/strong><\/em> versteht sich als unabh\u00e4ngige, demokratische, bundesweite, zivilgesellschaftliche Initiative, die waldbegeisterten Kritikern (egal ob sie viel oder gar kein Fachwissen besitzen) einen virtuellen Versammlungsort zur Verf\u00fcgung stellen will, an dem Freunde des Waldes und Kritiker des Umgang mit dem Wald an einem runden Tisch \u00fcber die Gegenwart und Zukunft des Waldes miteinander diskutieren k\u00f6nnen.\u00a0 Fernab von parteipolitischem Gez\u00e4nk und dogmatisch-ideologischer Verbohrtheit sollen sich Menschen auf dieser Kommunikations-Plattform treffen und austauschen k\u00f6nnen, die einzige Vorbedingung sollte sein, da\u00df es den Diskussionsteilnehmern wirklich um den Wald geht.<em><strong> Denn &#8211; wie der Name es schon sagt &#8211; versteht sich unsere Initiative als Interessenvertretung des Waldes.<\/strong><\/em><\/p>\n<p style=\"text-align: justify;\">Die W\u00e4lder und ihre B\u00f6den haben sich in der Evolution \u00fcber Jahrmillionen zu einem<em> fein aufeinander abgestimmten \u00d6kosystem<\/em> <em>entwickelt<\/em>, in das der Mensch, mehr oder weniger blind, eingreift.<br \/>\nDie Initiative\u00a0 versucht dem lebendigen Organismus Wald, in dessen B\u00f6den z.B. Milliarden von verschiedenen Lebewesen leben und f\u00fcr ein funktionierendes, komplex aufeinander abgestimmtes \u00d6kosystem sorgen, <em><strong>ohne das auch der Mensch nicht \u00fcberleben k\u00f6nnte<\/strong><\/em>, eine Stimme zu verleihen.<\/p>\n<p style=\"text-align: justify;\">Vor diesem Hintergrund versucht unsere Initiative einen <em><strong>Kompromi\u00df<\/strong><\/em> zwischen den <em>Interessen des Waldes (intaktes \u00d6kosystem)<\/em> und den <em>Interessen des Menschen (maximale Holzernte)<\/em> zu erreichen. Dieser Kompromi\u00df ist aber nur zu erreichen, in dem man bei der Holzwirtschaft genauer hinsieht!<\/p>\n<p style=\"text-align: justify;\">F\u00fcr die Vergangenheit bedeutet das zun\u00e4chst mal, da\u00df die bereits in der Vergangenheit entstandenen <em><strong>Sch\u00e4den, vor allem an den Waldb\u00f6den,<\/strong><\/em> genau erfa\u00dft und klassifiziert\u00a0 sowie auf einer allgemein zug\u00e4nglichen Karte eingetragen werden, so da\u00df sie f\u00fcr die zuk\u00fcnftige Holzwirtschaft ber\u00fccksichtigt werden k\u00f6nnen.<\/p>\n<p style=\"text-align: justify;\">Allgemein kann man sagen, da\u00df <em>der Unterschied zwischen heutiger und m\u00f6glicher zuk\u00fcnftiger &#8211; \u00f6kologisch korrekter &#8211; Holzwirtschaft<\/em> \u201enur\u201c ein \u00f6konomischer ist im Sinne der <strong><em>Kostengerechtigkeit<\/em><\/strong>! Wenn man n\u00e4mlich hinsieht, stellt man fest, da\u00df die scheinbare Erh\u00f6hung der Kosten in der Holzwirtschaft, die durch \u00f6kologisch sauberes Arbeiten entstehen, <em>in Wahrheit nur eine Verschiebung der Kosten von der Allgemeinheit auf den Verursacher bedeutet.<\/em><\/p>\n<p style=\"text-align: justify;\">Die <em><strong>externen Kosten<\/strong><\/em>, die durch die Zerst\u00f6rung des \u00d6kosystems \u201eWaldboden\u201c z. B. bisher von der <em>Allgemeinheit, zu der auch kommende Generationen geh\u00f6ren,<\/em> getragen wurden, werden jetzt nach dem Verursacherprinzip an diejenigen zur\u00fcckgeschoben, die durch ihre Erntemethoden den Waldboden zerst\u00f6ren. Und zwar<strong><em> nicht nachsorgend zur\u00fcckgeschoben, sondern vorsorgend!<\/em><\/strong> Das geschieht dadurch, da\u00df man von allen Beteiligten eine bodenschonende Holzernte verlangt! Die Kriterien dazu entwickeln wir und viele anderen auch und wir dokumentieren dies alles auf unserem Blog!<\/p>\n<h4 style=\"text-align: justify;\">Unser kleines Regelwerk:<\/h4>\n<p style=\"text-align: justify;\"><strong>Wie k\u00f6nnen Sie sich am gemeinsamen Gespr\u00e4ch beteiligen?<\/strong><\/p>\n<p style=\"text-align: justify;\"><strong>1.<\/strong> Jeder, der sich auf diesem WordPressBlog als <strong><em>ernsthafter Autor registriert<\/em><\/strong>, kann und soll mitschreiben und mitdiskutieren k\u00f6nnen, gerne bestimmt, aber fair und bitte, wenn irgend m\u00f6glich, immer freundlich im Ton!<\/p>\n<p style=\"text-align: justify;\"><strong>2.<\/strong> Wer sich selbst nicht als Autor registrieren will, aber trotzdem gerne einen Beitrag ver\u00f6ffentlichen m\u00f6chte, kann mir als <em><strong>Administrator<\/strong><\/em> auch einfach eine Email mit dem entsprechenden Text und, falls vorhanden, zugeh\u00f6rigen Bildern <em><strong>schicken<\/strong><\/em>, ich stelle den Beitrag dann<strong><em> unter Ihrem Namen<\/em><\/strong> auf der Seite ein.<\/p>\n<p style=\"text-align: justify;\"><strong>3.<\/strong> Wer gerne mitwirken m\u00f6chte, aber aus den unterschiedlichsten &#8211; selbstverst\u00e4ndlich zu akzeptierenden &#8211; Gr\u00fcnden seinen Namen und Herkunft nicht nennen m\u00f6chte, kann mir als <em><strong>Administrator<\/strong><\/em> ebenfalls eine Email mit dem entsprechenden Text und falls vorhanden zugeh\u00f6rigen Bildern <em><strong>schicken<\/strong><\/em>, ich stelle den Beitrag dann <span style=\"color: #ff0000;\"><strong><em>OHNE NAMENSNENNUNG<\/em><\/strong><\/span> auf der Seite ein. Der Autorvermerk lautet dann auf &#8220;unbekannt&#8221;.<\/p>\n<p style=\"text-align: justify;\"><strong>Kategorien &amp; Unterkategorien<br \/>\n<\/strong><\/p>\n<p style=\"text-align: justify;\">Wie bei jedem Blog finden Sie in der Transaktionsleiste oben Kategorien und wenn Sie auf diese klicken auch Unterkategorien.<br \/>\nBei der <strong><em>Kategorie &#8220;Bundenl\u00e4nder&#8221;<\/em><\/strong> sind bereits alle L\u00e4nder angelegt, da es an diesem runden Tisch ja um den Wald in ALLEN Bundesl\u00e4ndern gehen soll, da ja vielleicht auch das eine Bundesland von den Erfahrungen eines anderen Bundeslandes profitieren kann. Bei den <strong><em>Kategorien &#8220;Einzelne W\u00e4lder&#8221;<\/em><\/strong> und<strong><em>&#8220;Nationalparks&#8221;<\/em><\/strong> werden die jeweiligen Unterkategorien sofort von mir angelegt, sobald der erste Beitrag zu diesen beiden Oberkategorien ver\u00f6ffentlicht wurde.<\/p>\n<p style=\"text-align: justify;\"><strong>Zensur &amp; Spielregeln:<\/strong><\/p>\n<p style=\"text-align: justify;\">Selbstverst\u00e4ndlich geben die Beitr\u00e4ge ausschlie\u00dflich die Meinungen des jeweiligen Autors wieder. Zensur findet nicht statt, wir m\u00f6chten jedoch alle Autoren und Leser von diesem Blog darum bitten, <em>dem jeweils anderen den n\u00f6tigen Respekt und wirkliche Fairness entgegen zu bringen. Beleidigungen, Drohungen, Hasstiraden, rassistische-, nationalsozialistische-, volksverhetzende- und sexistische \u00c4u\u00dferungen, eine F\u00e4kalsprache sowie verbale Entgleisungen jedweder Art gegen\u00fcber anderen Autoren, Kommentatoren, dem Administrator oder anderen Dritten sind ausdr\u00fccklich untersagt.<\/em><\/p>\n<p style=\"text-align: justify;\">Bitte nehmt wirklich R\u00fccksicht aufeinander, sprecht miteinander und<em> lobt den Zweifel als produktiven Beitrag<\/em>, anstatt ihn zu verdammen und den Zweifler als ewigen Bedenkentr\u00e4ger zu verh\u00f6hnen!<\/p>\n<p style=\"text-align: justify;\"><strong>Links in der Blogroll und in den Beitr\u00e4gen:<\/strong><\/p>\n<p style=\"text-align: justify;\">Grunds\u00e4tzlich gilt, Links, die nicht ausf\u00fchrlich kommentiert werden, werden vom Administrator wieder gel\u00f6scht. Wer Vorschl\u00e4ge hat f\u00fcr Links in der Blogroll kann mir dies per Email oder Kommentar zu einem Beitrag mitteilen. Links in Beitr\u00e4gen sollte zumindest kurz sachlich begr\u00fcndet sein.<\/p>\n<p style=\"text-align: justify;\"><strong>Verbesserungsvorschl\u00e4ge:<\/strong><\/p>\n<p style=\"text-align: justify;\">Da die Seite sich als offene Kommunikationsplattform versteht, stehe ich allen Verbesserungsvorschl\u00e4gen f\u00fcr die Seite, welcher Art auch immer, positiv gegen\u00fcber. Dieser Weblog wurde mit WordPress 3.9.1 gestaltet und vor allem unter Firefox, Google Chrome, Microsoft Explorer und Safari getestet, es mag sein, da\u00df unter einem anderen Browser als den hier genannten, nicht alles so angezeigt wird, wie ich mir das w\u00fcnschen w\u00fcrde. Falls dem so sein sollte, w\u00fcrde ich mich \u00fcber eine kurze Email, wenn m\u00f6glich mit Screenshot, freuen. Als Administrator k\u00f6nnen Sie mich unter der nachfolgenden Emailadresse pers\u00f6nlich anschreiben:<\/p>\n<p style=\"text-align: justify;\"><a href=\"mailto:harald.kunz@waldkritik.de\" target=\"_blank\" rel=\"noopener\">harald.kunz@waldkritik.de<\/a><\/p>\n","protected":false},"excerpt":{"rendered":"<p>Die Seite WaldKritik.de versteht sich als unabh\u00e4ngige, demokratische, bundesweite, zivilgesellschaftliche Initiative, die waldbegeisterten Kritikern (egal ob sie viel oder gar kein Fachwissen besitzen) einen virtuellen Versammlungsort zur Verf\u00fcgung stellen will, an dem Freunde des Waldes und Kritiker des Umgang mit dem Wald an einem runden Tisch \u00fcber die Gegenwart und Zukunft des Waldes miteinander diskutieren &hellip; <a href=\"https:\/\/waldkritik.de\/?page_id=8\" class=\"more-link\"><span class=\"screen-reader-text\">Unsere Zielsetzung und ein kleines Regelwerk<\/span> weiterlesen <span class=\"meta-nav\">&rarr;<\/span><\/a><\/p>\n","protected":false},"author":1,"featured_media":0,"parent":0,"menu_order":0,"comment_status":"open","ping_status":"closed","template":"","meta":{"footnotes":""},"class_list":["post-8","page","type-page","status-publish","hentry"],"_links":{"self":[{"href":"https:\/\/waldkritik.de\/index.php?rest_route=\/wp\/v2\/pages\/8","targetHints":{"allow":["GET"]}}],"collection":[{"href":"https:\/\/waldkritik.de\/index.php?rest_route=\/wp\/v2\/pages"}],"about":[{"href":"https:\/\/waldkritik.de\/index.php?rest_route=\/wp\/v2\/types\/page"}],"author":[{"embeddable":true,"href":"https:\/\/waldkritik.de\/index.php?rest_route=\/wp\/v2\/users\/1"}],"replies":[{"embeddable":true,"href":"https:\/\/waldkritik.de\/index.php?rest_route=%2Fwp%2Fv2%2Fcomments&post=8"}],"version-history":[{"count":14,"href":"https:\/\/waldkritik.de\/index.php?rest_route=\/wp\/v2\/pages\/8\/revisions"}],"predecessor-version":[{"id":7560,"href":"https:\/\/waldkritik.de\/index.php?rest_route=\/wp\/v2\/pages\/8\/revisions\/7560"}],"wp:attachment":[{"href":"https:\/\/waldkritik.de\/index.php?rest_route=%2Fwp%2Fv2%2Fmedia&parent=8"}],"curies":[{"name":"wp","href":"https:\/\/api.w.org\/{rel}","templated":true}]}}

<p style="text-align: justify;">Die Seite <em><strong>WaldKritik.de</strong></em> versteht sich als unabhängige, demokratische, bundesweite, zivilgesellschaftliche Initiative, die waldbegeisterten Kritikern (egal ob sie viel oder gar kein Fachwissen besitzen) einen virtuellen Versammlungsort zur Verfügung stellen will, an dem Freunde des Waldes und Kritiker des Umgang mit dem Wald an einem runden Tisch über die Gegenwart und Zukunft des Waldes miteinander diskutieren können.  Fernab von parteipolitischem Gezänk und dogmatisch-ideologischer Verbohrtheit sollen sich Menschen auf dieser Kommunikations-Plattform treffen und austauschen können, die einzige Vorbedingung sollte sein, daß es den Diskussionsteilnehmern wirklich um den Wald geht.<em><strong> Denn &#8211; wie der Name es schon sagt &#8211; versteht sich unsere Initiative als Interessenvertretung des Waldes.</strong></em></p>
<p style="text-align: justify;">Die Wälder und ihre Böden haben sich in der Evolution über Jahrmillionen zu einem<em> fein aufeinander abgestimmten Ökosystem</em> <em>entwickelt</em>, in das der Mensch, mehr oder weniger blind, eingreift.<br />
Die Initiative  versucht dem lebendigen Organismus Wald, in dessen Böden z.B. Milliarden von verschiedenen Lebewesen leben und für ein funktionierendes, komplex aufeinander abgestimmtes Ökosystem sorgen, <em><strong>ohne das auch der Mensch nicht überleben könnte</strong></em>, eine Stimme zu verleihen.</p>
<p style="text-align: justify;">Vor diesem Hintergrund versucht unsere Initiative einen <em><strong>Kompromiß</strong></em> zwischen den <em>Interessen des Waldes (intaktes Ökosystem)</em> und den <em>Interessen des Menschen (maximale Holzernte)</em> zu erreichen. Dieser Kompromiß ist aber nur zu erreichen, in dem man bei der Holzwirtschaft genauer hinsieht!</p>
<p style="text-align: justify;">Für die Vergangenheit bedeutet das zunächst mal, daß die bereits in der Vergangenheit entstandenen <em><strong>Schäden, vor allem an den Waldböden,</strong></em> genau erfaßt und klassifiziert  sowie auf einer allgemein zugänglichen Karte eingetragen werden, so daß sie für die zukünftige Holzwirtschaft berücksichtigt werden können.</p>
<p style="text-align: justify;">Allgemein kann man sagen, daß <em>der Unterschied zwischen heutiger und möglicher zukünftiger &#8211; ökologisch korrekter &#8211; Holzwirtschaft</em> „nur“ ein ökonomischer ist im Sinne der <strong><em>Kostengerechtigkeit</em></strong>! Wenn man nämlich hinsieht, stellt man fest, daß die scheinbare Erhöhung der Kosten in der Holzwirtschaft, die durch ökologisch sauberes Arbeiten entstehen, <em>in Wahrheit nur eine Verschiebung der Kosten von der Allgemeinheit auf den Verursacher bedeutet.</em></p>
<p style="text-align: justify;">Die <em><strong>externen Kosten</strong></em>, die durch die Zerstörung des Ökosystems „Waldboden“ z. B. bisher von der <em>Allgemeinheit, zu der auch kommende Generationen gehören,</em> getragen wurden, werden jetzt nach dem Verursacherprinzip an diejenigen zurückgeschoben, die durch ihre Erntemethoden den Waldboden zerstören. Und zwar<strong><em> nicht nachsorgend zurückgeschoben, sondern vorsorgend!</em></strong> Das geschieht dadurch, daß man von allen Beteiligten eine bodenschonende Holzernte verlangt! Die Kriterien dazu entwickeln wir und viele anderen auch und wir dokumentieren dies alles auf unserem Blog!</p>
<h4 style="text-align: justify;">Unser kleines Regelwerk:</h4>
<p style="text-align: justify;"><strong>Wie können Sie sich am gemeinsamen Gespräch beteiligen?</strong></p>
<p style="text-align: justify;"><strong>1.</strong> Jeder, der sich auf diesem WordPressBlog als <strong><em>ernsthafter Autor registriert</em></strong>, kann und soll mitschreiben und mitdiskutieren können, gerne bestimmt, aber fair und bitte, wenn irgend möglich, immer freundlich im Ton!</p>
<p style="text-align: justify;"><strong>2.</strong> Wer sich selbst nicht als Autor registrieren will, aber trotzdem gerne einen Beitrag veröffentlichen möchte, kann mir als <em><strong>Administrator</strong></em> auch einfach eine Email mit dem entsprechenden Text und, falls vorhanden, zugehörigen Bildern <em><strong>schicken</strong></em>, ich stelle den Beitrag dann<strong><em> unter Ihrem Namen</em></strong> auf der Seite ein.</p>
<p style="text-align: justify;"><strong>3.</strong> Wer gerne mitwirken möchte, aber aus den unterschiedlichsten &#8211; selbstverständlich zu akzeptierenden &#8211; Gründen seinen Namen und Herkunft nicht nennen möchte, kann mir als <em><strong>Administrator</strong></em> ebenfalls eine Email mit dem entsprechenden Text und falls vorhanden zugehörigen Bildern <em><strong>schicken</strong></em>, ich stelle den Beitrag dann <span style="color: #ff0000;"><strong><em>OHNE NAMENSNENNUNG</em></strong></span> auf der Seite ein. Der Autorvermerk lautet dann auf &#8220;unbekannt&#8221;.</p>
<p style="text-align: justify;"><strong>Kategorien &amp; Unterkategorien<br />
</strong></p>
<p style="text-align: justify;">Wie bei jedem Blog finden Sie in der Transaktionsleiste oben Kategorien und wenn Sie auf diese klicken auch Unterkategorien.<br />
Bei der <strong><em>Kategorie &#8220;Bundenländer&#8221;</em></strong> sind bereits alle Länder angelegt, da es an diesem runden Tisch ja um den Wald in ALLEN Bundesländern gehen soll, da ja vielleicht auch das eine Bundesland von den Erfahrungen eines anderen Bundeslandes profitieren kann. Bei den <strong><em>Kategorien &#8220;Einzelne Wälder&#8221;</em></strong> und<strong><em>&#8220;Nationalparks&#8221;</em></strong> werden die jeweiligen Unterkategorien sofort von mir angelegt, sobald der erste Beitrag zu diesen beiden Oberkategorien veröffentlicht wurde.</p>
<p style="text-align: justify;"><strong>Zensur &amp; Spielregeln:</strong></p>
<p style="text-align: justify;">Selbstverständlich geben die Beiträge ausschließlich die Meinungen des jeweiligen Autors wieder. Zensur findet nicht statt, wir möchten jedoch alle Autoren und Leser von diesem Blog darum bitten, <em>dem jeweils anderen den nötigen Respekt und wirkliche Fairness entgegen zu bringen. Beleidigungen, Drohungen, Hasstiraden, rassistische-, nationalsozialistische-, volksverhetzende- und sexistische Äußerungen, eine Fäkalsprache sowie verbale Entgleisungen jedweder Art gegenüber anderen Autoren, Kommentatoren, dem Administrator oder anderen Dritten sind ausdrücklich untersagt.</em></p>
<p style="text-align: justify;">Bitte nehmt wirklich Rücksicht aufeinander, sprecht miteinander und<em> lobt den Zweifel als produktiven Beitrag</em>, anstatt ihn zu verdammen und den Zweifler als ewigen Bedenkenträger zu verhöhnen!</p>
<p style="text-align: justify;"><strong>Links in der Blogroll und in den Beiträgen:</strong></p>
<p style="text-align: justify;">Grundsätzlich gilt, Links, die nicht ausführlich kommentiert werden, werden vom Administrator wieder gelöscht. Wer Vorschläge hat für Links in der Blogroll kann mir dies per Email oder Kommentar zu einem Beitrag mitteilen. Links in Beiträgen sollte zumindest kurz sachlich begründet sein.</p>
<p style="text-align: justify;"><strong>Verbesserungsvorschläge:</strong></p>
<p style="text-align: justify;">Da die Seite sich als offene Kommunikationsplattform versteht, stehe ich allen Verbesserungsvorschlägen für die Seite, welcher Art auch immer, positiv gegenüber. Dieser Weblog wurde mit WordPress 3.9.1 gestaltet und vor allem unter Firefox, Google Chrome, Microsoft Explorer und Safari getestet, es mag sein, daß unter einem anderen Browser als den hier genannten, nicht alles so angezeigt wird, wie ich mir das wünschen würde. Falls dem so sein sollte, würde ich mich über eine kurze Email, wenn möglich mit Screenshot, freuen. Als Administrator können Sie mich unter der nachfolgenden Emailadresse persönlich anschreiben:</p>
<p style="text-align: justify;"><a href="mailto:harald.kunz@waldkritik.de" target="_blank" rel="noopener">harald.kunz@waldkritik.de</a></p>

<p>Die Seite WaldKritik.de versteht sich als unabhängige, demokratische, bundesweite, zivilgesellschaftliche Initiative, die waldbegeisterten Kritikern (egal ob sie viel oder gar kein Fachwissen besitzen) einen virtuellen Versammlungsort zur Verfügung stellen will, an dem Freunde des Waldes und Kritiker des Umgang mit dem Wald an einem runden Tisch über die Gegenwart und Zukunft des Waldes miteinander diskutieren &hellip; <a href="https://waldkritik.de/?page_id=8" class="more-link"><span class="screen-reader-text">Unsere Zielsetzung und ein kleines Regelwerk</span> weiterlesen <span class="meta-nav">&rarr;</span></a></p>
