{"id":800,"date":"2015-03-16T21:12:10","date_gmt":"2015-03-16T19:12:10","guid":{"rendered":"http:\/\/waldkritik.de\/?page_id=800"},"modified":"2015-03-23T22:39:44","modified_gmt":"2015-03-23T20:39:44","slug":"briefwechsel-mit-klaus-wiegand","status":"publish","type":"page","link":"https:\/\/waldkritik.de\/?page_id=800","title":{"rendered":"Briefwechsel mit<br>Klaus Wiegand"},"content":{"rendered":"<p><span style=\"color: #808080;\"><strong><em>Antwortschreiben der Initiative Waldkritik:<\/em><\/strong><\/span><\/p>\n<p><span style=\"color: #ffffff;\">.<\/span><br \/>\nSehr geehrter Herr Wiegand,<br \/>\nherzlichen Dank f\u00fcr Ihre Antwort. Ich habe mich \u00fcber diese sehr gefreut.<br \/>\nHerr Strittmatter, der leitende Forstdirektor in T\u00fcbingen-Bebenhausen, hat im Oktober 2014 noch zugesagt, dass sich die Forstverwaltung alle M\u00fche geben werde, dass sich die Bilder aus der letzten Saison 13\/14 nicht wiederholen, derartige Sch\u00e4den k\u00fcnftig vermieden werden &#8211; &#8220;das wolle man so nicht!&#8221; Die Bilderb\u00f6gen zeigen einen kleinen Ausschnitt aus dem Sch\u00f6nbuch. Welche Unternehmen f\u00fcr die Forstverwaltung T\u00fcbingen t\u00e4tig waren, entzieht sich meiner Kenntnis. Auskunft geben kann Ihnen aber sicher der daf\u00fcr zust\u00e4ndige Forstbeamte Graf B\u00fclow. Sie k\u00f6nnen Ihn \u00fcber folgende Email-Adresse erreichen:\u00a0\u00a0 g.buelow@kreis-tuebingen.de<br \/>\nIm vergangenen Dezember ist eine Pr\u00fcfung unserer Beschwerde durch die LGA Intercert erfolgt.\u00a0 Die Ergebnisse des Audit\u00a0 wurden noch nicht ver\u00f6ffentlicht. Wir sahen uns gezwungen, unsere Teilnahme abzusagen, da wir uns per Unterschrift dazu verpflichten sollten, in der \u00d6ffentlichkeit zum Verlauf des Audit absolutes Stillschweigen zu bewahren!<br \/>\nIch freue mich \u00fcber die Zusage Ihrer Unterst\u00fctzung. Ich\u00a0 bitte Sie um Ihr Einverst\u00e4ndnis unsere Korrespondenz auf die angezeigte Webseite stellen zu d\u00fcrfen. Ich hoffe das wird die Diskussion in der Sache beleben, und die forstliche Praxis dazu veranlassen, auf einen Bodenschutz bei der Holznutzung k\u00fcnftig ernsthaft R\u00fccksicht zu nehmen.<br \/>\nMit freundlichen Gr\u00fc\u00dfen<br \/>\nInitiatiive &#8220;Waldkritik&#8221;<\/p>\n<p><span style=\"color: #ffffff;\">.<\/span><\/p>\n<p><span style=\"color: #808080;\"><strong><em>Antwortschreiben von Herrn Wiegand:<\/em><\/strong><\/span><\/p>\n<p>Sehr geehrter Herr Kunz,<br \/>\nvielen Dank f\u00fcr die Zusendung der katastrophalen Bilder aus dem Sch\u00f6nbuch. Dieses Waldgebiet ist meines Wissens nach im letzten Jahr auf die gleiche unangenehme Weise aufgefallen. Ich dachte die Verantwortlichen h\u00e4tten etwas gelernt. Wir als RAL-G\u00fctegemeinschaft setzen uns bei der Zertifizierung der forstlichen Dienstleistungsunternehmen f\u00fcr die Vermeidung von Boden- und Bestandssch\u00e4den ein, d.h. wir kontrollieren u.a. auch die Tiefe der Fahrtspuren auf den R\u00fcckegassen. Nach unseren G\u00fcte- und Pr\u00fcfbestimmungen d\u00fcrfen die Fahrspuren nicht tiefer als 30 cm sein. Nach den neuen PEFC Standards gibt es keine Festlegung zur Spurtiefe in R\u00fcckegassen. Bei FSC wei\u00df ich es nicht genau.<\/p>\n<p>Ich habe die Bitte an Sie, dass Sie mir die Namen der Unternehmer, die dort t\u00e4tig waren, nennen, damit ich \u00fcberpr\u00fcfen kann, ob diese Firmen von uns gepr\u00fcft worden. Falls bei uns gepr\u00fcft, werden wir eine Nachpr\u00fcfung in K\u00fcrze veranlassen und vorbehaltlich des Ergebnisses der Nachpr\u00fcfung,\u00a0 die Firmen f\u00fcr eine gewisse Zeit in der Zertifizierung sperren.<\/p>\n<p>Sollten die Dienstleistungsunternehmen die Anweisung zur Weiterarbeit vom Auftragsgeber erhalten haben, trotz des Hinweises auf unvermeidbare Sch\u00e4den, k\u00f6nnen wir die Unternehmen nicht belangen, dann m\u00fcssen wir die Waldzertifizierer um eine Stellungnahme bitten.\u00a0 Es ist nicht in meinem Sinne die Natur in dieser Art und Weise zu verschandeln und zu sch\u00e4digen.<\/p>\n<p>Ich unterst\u00fctze Sie in Ihrem Engagement zur Erhaltung eines gepflegten Waldes und w\u00fcrde mich freuen, weitere Hinweise von Ihnen zu erhalten.<\/p>\n<p>Mit freundlichen Gr\u00fc\u00dfen<br \/>\nKlaus Wiegand<\/p>\n<p><span style=\"color: #ffffff;\">.<\/span><\/p>\n<p><span style=\"color: #808080;\"><strong><em>Ausgangsschreiben der Initiative Waldkritik:<\/em><\/strong><\/span><\/p>\n<p>Sehr geehrte Herr Wiegand,<\/p>\n<p>die Initiative Waldkritik m\u00f6chte zu einer Verbesserung des Bodenschutzes beim Einsatz von Forstspezialmaschinen beitragen. Bitte sehen Sie dazu auch: https:\/\/waldkritik.de<\/p>\n<p>Die Initiative kritisiert die derzeitige sich darstellende Situation im Sch\u00f6nbuch und im gesamten Landesforstbetrieb Baden-W\u00fcrttemberg, die befahrungsempfindlichen B\u00f6den (des Keuperberglandes) werden bei der Holzernte massiv gesch\u00e4digt.<\/p>\n<p>Nach unseren Informationen findet sich das Problem der Sch\u00e4digung von Waldb\u00f6den und Bodenfruchtbarkeit auch in den Landesbetrieben der anderen Bundesl\u00e4nder wieder. Nach einer vorsichtigen Sch\u00e4tzung werden\/wurden in Deutschland wenigstens 12 000 qkm Waldb\u00f6den (wenigstens 10 Prozent der gesamten Waldfl\u00e4che, mit Schwerpunkt in den von \u00f6ffentlichen Forstverwaltungen bewirtschafteten W\u00e4ldern) mit Forstmaschinen unsachgem\u00e4\u00df befahren und die B\u00f6den dabei schwer gest\u00f6rt. Diese Entwicklung setzt sich derzeit durch systematische Erschlie\u00dfung mit R\u00fcckegassen auch nicht befahrungsgeeigneter Standorte weiter fort.<\/p>\n<p>In den Waldgesetzen der Bundesl\u00e4nder wird die Erhaltung des Bodens und der Bodenfruchtbarkeit aber nachdr\u00fccklich gefordert. Nachhaltige Forstwirtschaft l\u00e4sst sich nur mit dem Schutz der B\u00f6den und deren Fruchtbarkeit vereinbaren. Die Zielsetzung der Waldwirtschaft mit der Integration, \u00f6kologischer, sozialer und wirtschaftlicher Leitlinien droht zu scheitern-ist in Abschnitten bereits gescheitert. B\u00f6den sind f\u00fcr das Leben von grundlegender Bedeutung . Deshalb bitten wir Sie, sich verst\u00e4rkt f\u00fcr Bodenschutz einzusetzen, und bei den Forstverwaltungen entsprechend zu intervenieren-eine Diskussion mit dem Ziel, eine Verbesserung des Bodenschutzes bei der Holzernte zu initiieren, zu bef\u00f6rdern.<\/p>\n<p>Wir glauben fest, dass die Forstwirtschaft in Deutschland ihre Vorbildfunktion wieder finden kann. Allen Akteuren ist das Jahr des Bodens gel\u00e4ufig. Es bedarf aus unserer Sicht der \u00f6ffentlichen Diskussion um einen vorsorgenden Schutz der Waldb\u00f6den bei der Holzernte.<\/p>\n<p>Ich freue mich auf Ihre Antwort.<\/p>\n<p>Mit freundlichen Gr\u00fc\u00dfen<br \/>\nInitiative Waldkritik<\/p>\n<p><span style=\"color: #ffffff;\">.<\/span><\/p>\n<p><strong><em><span style=\"color: #808080;\">Dem Ausgangsschreiben war folgender Bilderbogen beigef\u00fcgt:<\/span><\/em><\/strong><\/p>\n<p><a href=\"https:\/\/waldkritik.de\/wp-content\/uploads\/2015\/03\/Aktuelle-Schaeden-der-Holzernte-2015_II.jpg\"><img loading=\"lazy\" decoding=\"async\" class=\"aligncenter size-full wp-image-719\" src=\"https:\/\/waldkritik.de\/wp-content\/uploads\/2015\/03\/Aktuelle-Schaeden-der-Holzernte-2015_II.jpg\" alt=\"Aktuelle-Schaeden-der-Holzernte-2015_II\" width=\"1500\" height=\"1470\" srcset=\"https:\/\/waldkritik.de\/wp-content\/uploads\/2015\/03\/Aktuelle-Schaeden-der-Holzernte-2015_II.jpg 1500w, https:\/\/waldkritik.de\/wp-content\/uploads\/2015\/03\/Aktuelle-Schaeden-der-Holzernte-2015_II-300x294.jpg 300w, https:\/\/waldkritik.de\/wp-content\/uploads\/2015\/03\/Aktuelle-Schaeden-der-Holzernte-2015_II-1024x1004.jpg 1024w\" sizes=\"auto, (max-width: 1500px) 100vw, 1500px\" \/><\/a><\/p>\n","protected":false},"excerpt":{"rendered":"<p>Antwortschreiben der Initiative Waldkritik: . Sehr geehrter Herr Wiegand, herzlichen Dank f\u00fcr Ihre Antwort. Ich habe mich \u00fcber diese sehr gefreut. Herr Strittmatter, der leitende Forstdirektor in T\u00fcbingen-Bebenhausen, hat im Oktober 2014 noch zugesagt, dass sich die Forstverwaltung alle M\u00fche geben werde, dass sich die Bilder aus der letzten Saison 13\/14 nicht wiederholen, derartige Sch\u00e4den &hellip; <a href=\"https:\/\/waldkritik.de\/?page_id=800\" class=\"more-link\"><span class=\"screen-reader-text\">Briefwechsel mit<br \/>Klaus Wiegand<\/span> weiterlesen <span class=\"meta-nav\">&rarr;<\/span><\/a><\/p>\n","protected":false},"author":1,"featured_media":0,"parent":0,"menu_order":0,"comment_status":"open","ping_status":"closed","template":"","meta":{"footnotes":""},"class_list":["post-800","page","type-page","status-publish","hentry"],"_links":{"self":[{"href":"https:\/\/waldkritik.de\/index.php?rest_route=\/wp\/v2\/pages\/800","targetHints":{"allow":["GET"]}}],"collection":[{"href":"https:\/\/waldkritik.de\/index.php?rest_route=\/wp\/v2\/pages"}],"about":[{"href":"https:\/\/waldkritik.de\/index.php?rest_route=\/wp\/v2\/types\/page"}],"author":[{"embeddable":true,"href":"https:\/\/waldkritik.de\/index.php?rest_route=\/wp\/v2\/users\/1"}],"replies":[{"embeddable":true,"href":"https:\/\/waldkritik.de\/index.php?rest_route=%2Fwp%2Fv2%2Fcomments&post=800"}],"version-history":[{"count":4,"href":"https:\/\/waldkritik.de\/index.php?rest_route=\/wp\/v2\/pages\/800\/revisions"}],"predecessor-version":[{"id":811,"href":"https:\/\/waldkritik.de\/index.php?rest_route=\/wp\/v2\/pages\/800\/revisions\/811"}],"wp:attachment":[{"href":"https:\/\/waldkritik.de\/index.php?rest_route=%2Fwp%2Fv2%2Fmedia&parent=800"}],"curies":[{"name":"wp","href":"https:\/\/api.w.org\/{rel}","templated":true}]}}

<p><span style="color: #808080;"><strong><em>Antwortschreiben der Initiative Waldkritik:</em></strong></span></p>
<p><span style="color: #ffffff;">.</span><br />
Sehr geehrter Herr Wiegand,<br />
herzlichen Dank für Ihre Antwort. Ich habe mich über diese sehr gefreut.<br />
Herr Strittmatter, der leitende Forstdirektor in Tübingen-Bebenhausen, hat im Oktober 2014 noch zugesagt, dass sich die Forstverwaltung alle Mühe geben werde, dass sich die Bilder aus der letzten Saison 13/14 nicht wiederholen, derartige Schäden künftig vermieden werden &#8211; &#8220;das wolle man so nicht!&#8221; Die Bilderbögen zeigen einen kleinen Ausschnitt aus dem Schönbuch. Welche Unternehmen für die Forstverwaltung Tübingen tätig waren, entzieht sich meiner Kenntnis. Auskunft geben kann Ihnen aber sicher der dafür zuständige Forstbeamte Graf Bülow. Sie können Ihn über folgende Email-Adresse erreichen:   g.buelow@kreis-tuebingen.de<br />
Im vergangenen Dezember ist eine Prüfung unserer Beschwerde durch die LGA Intercert erfolgt.  Die Ergebnisse des Audit  wurden noch nicht veröffentlicht. Wir sahen uns gezwungen, unsere Teilnahme abzusagen, da wir uns per Unterschrift dazu verpflichten sollten, in der Öffentlichkeit zum Verlauf des Audit absolutes Stillschweigen zu bewahren!<br />
Ich freue mich über die Zusage Ihrer Unterstützung. Ich  bitte Sie um Ihr Einverständnis unsere Korrespondenz auf die angezeigte Webseite stellen zu dürfen. Ich hoffe das wird die Diskussion in der Sache beleben, und die forstliche Praxis dazu veranlassen, auf einen Bodenschutz bei der Holznutzung künftig ernsthaft Rücksicht zu nehmen.<br />
Mit freundlichen Grüßen<br />
Initiatiive &#8220;Waldkritik&#8221;</p>
<p><span style="color: #ffffff;">.</span></p>
<p><span style="color: #808080;"><strong><em>Antwortschreiben von Herrn Wiegand:</em></strong></span></p>
<p>Sehr geehrter Herr Kunz,<br />
vielen Dank für die Zusendung der katastrophalen Bilder aus dem Schönbuch. Dieses Waldgebiet ist meines Wissens nach im letzten Jahr auf die gleiche unangenehme Weise aufgefallen. Ich dachte die Verantwortlichen hätten etwas gelernt. Wir als RAL-Gütegemeinschaft setzen uns bei der Zertifizierung der forstlichen Dienstleistungsunternehmen für die Vermeidung von Boden- und Bestandsschäden ein, d.h. wir kontrollieren u.a. auch die Tiefe der Fahrtspuren auf den Rückegassen. Nach unseren Güte- und Prüfbestimmungen dürfen die Fahrspuren nicht tiefer als 30 cm sein. Nach den neuen PEFC Standards gibt es keine Festlegung zur Spurtiefe in Rückegassen. Bei FSC weiß ich es nicht genau.</p>
<p>Ich habe die Bitte an Sie, dass Sie mir die Namen der Unternehmer, die dort tätig waren, nennen, damit ich überprüfen kann, ob diese Firmen von uns geprüft worden. Falls bei uns geprüft, werden wir eine Nachprüfung in Kürze veranlassen und vorbehaltlich des Ergebnisses der Nachprüfung,  die Firmen für eine gewisse Zeit in der Zertifizierung sperren.</p>
<p>Sollten die Dienstleistungsunternehmen die Anweisung zur Weiterarbeit vom Auftragsgeber erhalten haben, trotz des Hinweises auf unvermeidbare Schäden, können wir die Unternehmen nicht belangen, dann müssen wir die Waldzertifizierer um eine Stellungnahme bitten.  Es ist nicht in meinem Sinne die Natur in dieser Art und Weise zu verschandeln und zu schädigen.</p>
<p>Ich unterstütze Sie in Ihrem Engagement zur Erhaltung eines gepflegten Waldes und würde mich freuen, weitere Hinweise von Ihnen zu erhalten.</p>
<p>Mit freundlichen Grüßen<br />
Klaus Wiegand</p>
<p><span style="color: #ffffff;">.</span></p>
<p><span style="color: #808080;"><strong><em>Ausgangsschreiben der Initiative Waldkritik:</em></strong></span></p>
<p>Sehr geehrte Herr Wiegand,</p>
<p>die Initiative Waldkritik möchte zu einer Verbesserung des Bodenschutzes beim Einsatz von Forstspezialmaschinen beitragen. Bitte sehen Sie dazu auch: https://waldkritik.de</p>
<p>Die Initiative kritisiert die derzeitige sich darstellende Situation im Schönbuch und im gesamten Landesforstbetrieb Baden-Württemberg, die befahrungsempfindlichen Böden (des Keuperberglandes) werden bei der Holzernte massiv geschädigt.</p>
<p>Nach unseren Informationen findet sich das Problem der Schädigung von Waldböden und Bodenfruchtbarkeit auch in den Landesbetrieben der anderen Bundesländer wieder. Nach einer vorsichtigen Schätzung werden/wurden in Deutschland wenigstens 12 000 qkm Waldböden (wenigstens 10 Prozent der gesamten Waldfläche, mit Schwerpunkt in den von öffentlichen Forstverwaltungen bewirtschafteten Wäldern) mit Forstmaschinen unsachgemäß befahren und die Böden dabei schwer gestört. Diese Entwicklung setzt sich derzeit durch systematische Erschließung mit Rückegassen auch nicht befahrungsgeeigneter Standorte weiter fort.</p>
<p>In den Waldgesetzen der Bundesländer wird die Erhaltung des Bodens und der Bodenfruchtbarkeit aber nachdrücklich gefordert. Nachhaltige Forstwirtschaft lässt sich nur mit dem Schutz der Böden und deren Fruchtbarkeit vereinbaren. Die Zielsetzung der Waldwirtschaft mit der Integration, ökologischer, sozialer und wirtschaftlicher Leitlinien droht zu scheitern-ist in Abschnitten bereits gescheitert. Böden sind für das Leben von grundlegender Bedeutung . Deshalb bitten wir Sie, sich verstärkt für Bodenschutz einzusetzen, und bei den Forstverwaltungen entsprechend zu intervenieren-eine Diskussion mit dem Ziel, eine Verbesserung des Bodenschutzes bei der Holzernte zu initiieren, zu befördern.</p>
<p>Wir glauben fest, dass die Forstwirtschaft in Deutschland ihre Vorbildfunktion wieder finden kann. Allen Akteuren ist das Jahr des Bodens geläufig. Es bedarf aus unserer Sicht der öffentlichen Diskussion um einen vorsorgenden Schutz der Waldböden bei der Holzernte.</p>
<p>Ich freue mich auf Ihre Antwort.</p>
<p>Mit freundlichen Grüßen<br />
Initiative Waldkritik</p>
<p><span style="color: #ffffff;">.</span></p>
<p><strong><em><span style="color: #808080;">Dem Ausgangsschreiben war folgender Bilderbogen beigefügt:</span></em></strong></p>
<p><a href="https://waldkritik.de/wp-content/uploads/2015/03/Aktuelle-Schaeden-der-Holzernte-2015_II.jpg"><img loading="lazy" decoding="async" class="aligncenter size-full wp-image-719" src="https://waldkritik.de/wp-content/uploads/2015/03/Aktuelle-Schaeden-der-Holzernte-2015_II.jpg" alt="Aktuelle-Schaeden-der-Holzernte-2015_II" width="1500" height="1470" srcset="https://waldkritik.de/wp-content/uploads/2015/03/Aktuelle-Schaeden-der-Holzernte-2015_II.jpg 1500w, https://waldkritik.de/wp-content/uploads/2015/03/Aktuelle-Schaeden-der-Holzernte-2015_II-300x294.jpg 300w, https://waldkritik.de/wp-content/uploads/2015/03/Aktuelle-Schaeden-der-Holzernte-2015_II-1024x1004.jpg 1024w" sizes="auto, (max-width: 1500px) 100vw, 1500px" /></a></p>

<p>Antwortschreiben der Initiative Waldkritik: . Sehr geehrter Herr Wiegand, herzlichen Dank für Ihre Antwort. Ich habe mich über diese sehr gefreut. Herr Strittmatter, der leitende Forstdirektor in Tübingen-Bebenhausen, hat im Oktober 2014 noch zugesagt, dass sich die Forstverwaltung alle Mühe geben werde, dass sich die Bilder aus der letzten Saison 13/14 nicht wiederholen, derartige Schäden &hellip; <a href="https://waldkritik.de/?page_id=800" class="more-link"><span class="screen-reader-text">Briefwechsel mit<br />Klaus Wiegand</span> weiterlesen <span class="meta-nav">&rarr;</span></a></p>
