{"id":924,"date":"2015-04-29T18:37:14","date_gmt":"2015-04-29T16:37:14","guid":{"rendered":"http:\/\/waldkritik.de\/?page_id=924"},"modified":"2015-04-29T18:37:14","modified_gmt":"2015-04-29T16:37:14","slug":"schriftwechsel-mit-frau-schwarzeluehr-sutter","status":"publish","type":"page","link":"https:\/\/waldkritik.de\/?page_id=924","title":{"rendered":"Schriftwechsel mit Frau Schwarzel\u00fchr-Sutter"},"content":{"rendered":"<p><span style=\"color: #808080;\"><strong><em>Ausgangsschreiben der Initiative Waldkritik:<\/em><\/strong><\/span><\/p>\n<p>Sehr geehrte Frau Schwarzel\u00fchr-Sutter<\/p>\n<p>Sie sind Vorsitzende des Kuratoriums, Deutsche Bundesstiftung Umwelt.<\/p>\n<p>Wir sind die Initiative Waldkritik und m\u00f6chten zu einer Verbesserung des Bodenschutzes beim Einsatz von Forstspezialmaschinen beitragen. Bitte sehen Sie dazu auch: <a href=\"https:\/\/waldkritik.de\">https:\/\/waldkritik.de<\/a><\/p>\n<p>Die Initiative kritisiert die derzeitige sich darstellende Situation im Sch\u00f6nbuch und im gesamten Landesforstbetrieb Baden-W\u00fcrttemberg, die befahrungsempfindlichen B\u00f6den (des Keuperberglandes) werden bei der Holzernte massiv gesch\u00e4digt.<\/p>\n<p>Nach unseren Informationen findet sich das Problem der Sch\u00e4digung von Waldb\u00f6den und Bodenfruchtbarkeit auch in den Landesbetrieben der anderen Bundesl\u00e4nder wieder. Nach einer vorsichtigen Sch\u00e4tzung werden\/wurden in Deutschland wenigstens 12 000 qkm Waldb\u00f6den (wenigstens 10 Prozent der gesamten Waldfl\u00e4che, mit Schwerpunkt in den von \u00f6ffentlichen Forstverwaltungen bewirtschafteten W\u00e4ldern) mit Forstmaschinen unsachgem\u00e4\u00df befahren und die B\u00f6den dabei schwer gest\u00f6rt. Diese Entwicklung setzt sich derzeit durch systematische Erschlie\u00dfung mit R\u00fcckegassen auch nicht befahrungsgeeigneter Standorte weiter fort.<\/p>\n<p>In den Waldgesetzen der Bundesl\u00e4nder wird die Erhaltung des Bodens und der Bodenfruchtbarkeit aber nachdr\u00fccklich gefordert. Nachhaltige Forstwirtschaft l\u00e4sst sich nur mit dem Schutz der B\u00f6den und deren Fruchtbarkeit vereinbaren. Die Zielsetzung der Waldwirtschaft mit der Integration, \u00f6kologischer, sozialer und wirtschaftlicher Leitlinien droht zu scheitern-ist in Abschnitten bereits gescheitert. B\u00f6den sind f\u00fcr das Leben von grundlegender Bedeutung . Deshalb bitten wir Sie, sich verst\u00e4rkt f\u00fcr Bodenschutz einzusetzen, und bei den Forstverwaltungen entsprechend zu intervenieren-eine Diskussion mit dem Ziel, eine Verbesserung des Bodenschutzes bei der Holzernte zu initiieren, zu bef\u00f6rdern.<\/p>\n<p>Wir glauben fest, dass die Forstwirtschaft in Deutschland ihre Vorbildfunktion wieder finden kann. Allen Akteuren ist das Jahr des Bodens gel\u00e4ufig. Es bedarf aus unserer Sicht aber der \u00f6ffentlichen Diskussion um einen vorsorgenden Schutz der Waldb\u00f6den bei der Holzernte. Wir bitten Sie um Ihre Unterst\u00fctzung.<br \/>\nIch freue mich auf Ihre Antwort.<\/p>\n<p>Initiative Waldkritik<br \/>\nHarald Kunz<\/p>\n<p>&nbsp;<\/p>\n<p><span style=\"color: #808080;\"><strong><em>Antwortschreiben von Frau Schwarzel\u00fchr-Sutter:<\/em><\/strong><\/span><\/p>\n<p>Bitte klicken Sie <a title=\"Weiter zum Briefwechsel\" href=\"https:\/\/waldkritik.de\/wp-content\/uploads\/2015\/04\/Sscanner_BS15041507010.pdf\" target=\"_blank\"><span style=\"color: #ff0000;\"><strong>HIER,<\/strong><\/span><\/a> um zum Orginalbrief im PDF Format zu gelangen.<\/p>\n","protected":false},"excerpt":{"rendered":"<p>Ausgangsschreiben der Initiative Waldkritik: Sehr geehrte Frau Schwarzel\u00fchr-Sutter Sie sind Vorsitzende des Kuratoriums, Deutsche Bundesstiftung Umwelt. Wir sind die Initiative Waldkritik und m\u00f6chten zu einer Verbesserung des Bodenschutzes beim Einsatz von Forstspezialmaschinen beitragen. Bitte sehen Sie dazu auch: https:\/\/waldkritik.de Die Initiative kritisiert die derzeitige sich darstellende Situation im Sch\u00f6nbuch und im gesamten Landesforstbetrieb Baden-W\u00fcrttemberg, die &hellip; <a href=\"https:\/\/waldkritik.de\/?page_id=924\" class=\"more-link\"><span class=\"screen-reader-text\">Schriftwechsel mit Frau Schwarzel\u00fchr-Sutter<\/span> weiterlesen <span class=\"meta-nav\">&rarr;<\/span><\/a><\/p>\n","protected":false},"author":1,"featured_media":0,"parent":0,"menu_order":0,"comment_status":"open","ping_status":"closed","template":"","meta":{"footnotes":""},"class_list":["post-924","page","type-page","status-publish","hentry"],"_links":{"self":[{"href":"https:\/\/waldkritik.de\/index.php?rest_route=\/wp\/v2\/pages\/924","targetHints":{"allow":["GET"]}}],"collection":[{"href":"https:\/\/waldkritik.de\/index.php?rest_route=\/wp\/v2\/pages"}],"about":[{"href":"https:\/\/waldkritik.de\/index.php?rest_route=\/wp\/v2\/types\/page"}],"author":[{"embeddable":true,"href":"https:\/\/waldkritik.de\/index.php?rest_route=\/wp\/v2\/users\/1"}],"replies":[{"embeddable":true,"href":"https:\/\/waldkritik.de\/index.php?rest_route=%2Fwp%2Fv2%2Fcomments&post=924"}],"version-history":[{"count":3,"href":"https:\/\/waldkritik.de\/index.php?rest_route=\/wp\/v2\/pages\/924\/revisions"}],"predecessor-version":[{"id":928,"href":"https:\/\/waldkritik.de\/index.php?rest_route=\/wp\/v2\/pages\/924\/revisions\/928"}],"wp:attachment":[{"href":"https:\/\/waldkritik.de\/index.php?rest_route=%2Fwp%2Fv2%2Fmedia&parent=924"}],"curies":[{"name":"wp","href":"https:\/\/api.w.org\/{rel}","templated":true}]}}

Schriftwechsel mit Frau Schwarzelühr-Sutter

<p><span style="color: #808080;"><strong><em>Ausgangsschreiben der Initiative Waldkritik:</em></strong></span></p>
<p>Sehr geehrte Frau Schwarzelühr-Sutter</p>
<p>Sie sind Vorsitzende des Kuratoriums, Deutsche Bundesstiftung Umwelt.</p>
<p>Wir sind die Initiative Waldkritik und möchten zu einer Verbesserung des Bodenschutzes beim Einsatz von Forstspezialmaschinen beitragen. Bitte sehen Sie dazu auch: <a href="https://waldkritik.de">https://waldkritik.de</a></p>
<p>Die Initiative kritisiert die derzeitige sich darstellende Situation im Schönbuch und im gesamten Landesforstbetrieb Baden-Württemberg, die befahrungsempfindlichen Böden (des Keuperberglandes) werden bei der Holzernte massiv geschädigt.</p>
<p>Nach unseren Informationen findet sich das Problem der Schädigung von Waldböden und Bodenfruchtbarkeit auch in den Landesbetrieben der anderen Bundesländer wieder. Nach einer vorsichtigen Schätzung werden/wurden in Deutschland wenigstens 12 000 qkm Waldböden (wenigstens 10 Prozent der gesamten Waldfläche, mit Schwerpunkt in den von öffentlichen Forstverwaltungen bewirtschafteten Wäldern) mit Forstmaschinen unsachgemäß befahren und die Böden dabei schwer gestört. Diese Entwicklung setzt sich derzeit durch systematische Erschließung mit Rückegassen auch nicht befahrungsgeeigneter Standorte weiter fort.</p>
<p>In den Waldgesetzen der Bundesländer wird die Erhaltung des Bodens und der Bodenfruchtbarkeit aber nachdrücklich gefordert. Nachhaltige Forstwirtschaft lässt sich nur mit dem Schutz der Böden und deren Fruchtbarkeit vereinbaren. Die Zielsetzung der Waldwirtschaft mit der Integration, ökologischer, sozialer und wirtschaftlicher Leitlinien droht zu scheitern-ist in Abschnitten bereits gescheitert. Böden sind für das Leben von grundlegender Bedeutung . Deshalb bitten wir Sie, sich verstärkt für Bodenschutz einzusetzen, und bei den Forstverwaltungen entsprechend zu intervenieren-eine Diskussion mit dem Ziel, eine Verbesserung des Bodenschutzes bei der Holzernte zu initiieren, zu befördern.</p>
<p>Wir glauben fest, dass die Forstwirtschaft in Deutschland ihre Vorbildfunktion wieder finden kann. Allen Akteuren ist das Jahr des Bodens geläufig. Es bedarf aus unserer Sicht aber der öffentlichen Diskussion um einen vorsorgenden Schutz der Waldböden bei der Holzernte. Wir bitten Sie um Ihre Unterstützung.<br />
Ich freue mich auf Ihre Antwort.</p>
<p>Initiative Waldkritik<br />
Harald Kunz</p>
<p>&nbsp;</p>
<p><span style="color: #808080;"><strong><em>Antwortschreiben von Frau Schwarzelühr-Sutter:</em></strong></span></p>
<p>Bitte klicken Sie <a title="Weiter zum Briefwechsel" href="https://waldkritik.de/wp-content/uploads/2015/04/Sscanner_BS15041507010.pdf" target="_blank"><span style="color: #ff0000;"><strong>HIER,</strong></span></a> um zum Orginalbrief im PDF Format zu gelangen.</p>

<p>Ausgangsschreiben der Initiative Waldkritik: Sehr geehrte Frau Schwarzelühr-Sutter Sie sind Vorsitzende des Kuratoriums, Deutsche Bundesstiftung Umwelt. Wir sind die Initiative Waldkritik und möchten zu einer Verbesserung des Bodenschutzes beim Einsatz von Forstspezialmaschinen beitragen. Bitte sehen Sie dazu auch: https://waldkritik.de Die Initiative kritisiert die derzeitige sich darstellende Situation im Schönbuch und im gesamten Landesforstbetrieb Baden-Württemberg, die &hellip; <a href="https://waldkritik.de/?page_id=924" class="more-link"><span class="screen-reader-text">Schriftwechsel mit Frau Schwarzelühr-Sutter</span> weiterlesen <span class="meta-nav">&rarr;</span></a></p>
